535385?
3
What is the hundred thousands digit of 435431149?
4
What is the units digit of 22004770?
0
What is the hundred thousands digit of 1247194883?
1
What is the thousands digit of 175204919?
4
What is the hundreds digit of 5363153134?
1
What is the ten millions digit of 72432796?
7
What is the tens digit of 153455802?
0
What is the ten millions digit of 746933065?
4
What is the ten thousands digit of 12377841?
7
What is the hundred millions digit of 5396674661?
3
What is the millions digit of 120430213?
0
What is the millions digit of 1001995492?
1
What is the ten thousands digit of 195164849?
6
What is the hundred thousands digit of 31854005?
8
What is the millions digit of 849004036?
9
What is the units digit of 94190287?
7
What is the hundred thousands digit of 3687341?
6
What is the units digit of 3537712724?
4
What is the tens digit of 1890378849?
4
What is the ten thousands digit of 87668494?
6
What is the hundreds digit of 3477840745?
7
What is the units digit of 178307896?
6
What is the ten millions digit of 324241090?
2
What is the billions digit of 2013550751?
2
What is the tens digit of 853145516?
1
What is the hundreds digit of 123963240?
2
What is the units digit of 1541794558?
8
What is the units digit of 910286758?
8
What is the ten thousands digit of 1573851422?
5
What is the thousands digit of 24989915?
9
What is the millions digit of 57790947?
7
What is the ten thousands digit of 8557549707?
4
What is the hundred thousands digit of 25665421?
6
What is the hundred thousands digit of 1651813016?
8
What is the millions digit of 47565391?
7
What is the ten millions digit of 122479799?
2
What is the billions digit of 1151389332?
1
What is the hundred thousands digit of 100695955?
6
What is the thousands digit of 1904590629?
0
What is the hundreds digit of 27894587?
5
What is the tens digit of 52833961?
6
What is the units digit of 3036741430?
0
What is the hundreds digit of 43288854?
8
What is the ten millions digit of 819217070?
1
What is the tens digit of 1145491957?
5
What is the hundred thousands digit of 342575828?
5
What is the ten millions digit of 102344229?
0
What is the thousands digit of 52062396?
2
What is the hundred millions digit of 297890796?
2
What is the ten millions digit of 167237936?
6
What is the hundred thousands digit of 1427401113?
4
What is the hundred thousands digit of 179928978?
9
What is the ten millions digit of 13800831?
1
What is the ten thousands digit of 391757058?
5
What is the hundreds digit of 43990362?
3
What is the hundred millions digit of 176841617?
1
What is the hundred thousands digit of 271047834?
0
What is the ten thousands digit of 3066553?
6
What is the billions digit of 1385862706?
1
What is the tens digit of 9747366?
6
What is the hundreds digit of 6126528329?
3
What is the tens digit of 80781902?
0
What is the billions digit of 1949247148?
1
What is the units digit of 391071223?
3
What is the billions digit of 1549244294?
1
What is the thousands digit of 34286093?
6
What is the hundred millions digit of 1350586790?
3
What is the hundred millions digit of 1644342448?
6
What is the units digit of 2106623227?
7
What is the ten thousands digit of 50831483?
3
What is the thousands digit of 204963893?
3
What is the tens digit of 1124638191?
9
What is the hundreds digit of 121042013?
0
What is the ten millions digit of 4033395213?
3
What is the ten thousands digit of 1014196931?
9
What is the units digit of 106698769?
9
What is the tens digit of 251003798?
9
What is the hundreds digit of 161666573?
5
What is the hundreds digit of 2802332490?
4
What is the units digit of 20976094?
4
What is the hundred millions digit of 470761084?
4
What is the hundreds digit of 2093033851?
8
What is the hundreds digit of 968246163?
1
What is the tens digit of 104808147?
4
What is the thousands digit of 6136317733?
7
What is the units digit of 3928588039?
9
What is the units digit of 20897447?
7
What is the thousands digit of 193072620?
2
What is the hundred thousands digit of 3438576543?
5
What is the hundred thousands digit of 373012347?
0
What is the ten thousands digit of 735262642?
6
What is the hundred millions digit of 424442989?
4
What is the hundreds digit of 78233323?
3
What is the ten thousands digit of 134593024?
9
What is the units digit of 6454883470?
0
What is the ten millions digit of 158239303?
5
What is the millions digit of 2253059036?
3
What is the thousands digit of 105239681?
9
What is the thousands digit of 90014878?
4
What is the hundred thousands digit of 146572878?
5
What is the thousands digit of 38914313?
4
What is the billions digit of 3029679002?
3
What is the tens digit of 50323771?
7
What is the units digit of 67607882?
2
What is the hundred millions digit of 1541079322?
5
What is the units digit of 15654463?
3
What is the millions digit of 40673928?
0
What is the millions digit of 45892174?
5
What is the ten millions digit of 869525118?
6
What is the hundred millions digit of 308832306?
3
What is the hundreds digit of 19716397?
3
What is the units digit of 1644464613?
3
What is the thousands digit of 123835249?
5
What is the tens digit of 808270589?
8
What is the thousands digit of 77639294?
9
What is the hundreds digit of 422816718?
7
What is the hundreds digit of 172643365?
3
What is the hundreds digit of 1927891339?
3
What is the hundred thousands digit of 4506248458?
2
What is the ten thousands digit of 90149977?
4
What is the hundreds digit of 43761382?
3
What is the hundreds digit of 145024263?
2
What is the hundreds digit of 147807121?
1
What is the hundred thousands digit of 215866521?
8
What is the units digit of 546399687?
7
What is the millions digit of 829566330?
9
What is the hundred millions digit of 564831767?
5
What is the tens digit of 112668288?
8
What is the ten millions digit of 567524694?
6
What is the thousands digit of 22068505?
8
What is the millions digit of 129295695?
9
What is the hundreds digit of 53920?
9
What is the millions digit of 41489070?
1
What is the hundred millions digit of 158874545?
1
What is the thousands digit of 767328267?
8
What is the millions digit of 89902089?
9
What is the hundreds digit of 624766635?
6
What is the hundreds digit of 741262325?
3
What is the tens digit of 570839419?
1
What is the ten millions digit of 44432473?
4
What is the millions digit of 57780804?
7
What is the hundred thousands digit of 169025123?
0
What is the tens digit of 339381378?
7
What is the ten thousands digit of 155873131?
7
What is the hundreds digit of 42622327?
3
What is the hundreds digit of 127316767?
7
What is the units digit of 373006556?
6
What is the ten thousands digit of 2716399?
1
What is the tens digit of 7171594685?
8
What is the millions digit of 1393796132?
3
What is the hundred millions digit of 5610787175?
6
What is the hundred millions digit of 100604096?
1
What is the hundred millions digit of 215775321?
2
What is the thousands digit of 110137648?
7
What is the tens digit of 42514879?
7
What is the tens digit of 246877535?
3
What is the ten millions digit of 152474023?
5
What is the millions digit of 2752347101?
2
What is the thousands digit of 77313592?
3
What is the units digit of 600314115?
5
What is the units digit of 243111609?
9
What is the ten millions digit of 3270458615?
7
What is the ten thousands digit of 277595637?
9
What is the millions digit of 158562799?
8
What is the ten millions digit of 3874979907?
7
What is the hundred thousands digit of 1581629067?
6
What is the units digit of 1550485628?
8
What is the units digit of 7655755?
5
What is the thousands digit of 38232625?
2
What is the hundred thousands digit of 8482457458?
4
What is the thousands digit of 1285709669?
9
What is the ten thousands digit of 346192862?
9
What is the thousands digit of 4523845?
3
What is the units digit of 11533516?
6
What is the thousands digit of 5884794847?
4
What is the hundreds digit of 77285185?
1
What is the units digit of 12703966?
6
What is the tens digit of 17665169?
6
What is the ten millions digit of 186445046?
8
What is the hundreds digit of 105290233?
2
What is the tens digit of 46269029?
2
What is the units digit of 50593064?
4
What is the ten millions digit of 135281062?
3
What is the hundred thousands d